Last updated on 2020-08-19 01:50:01 CEST.
Flavor | Version | Tinstall | Tcheck | Ttotal | Status | Flags |
---|---|---|---|---|---|---|
r-devel-linux-x86_64-debian-clang | 0.1.3 | 145.60 | 66.89 | 212.49 | OK | |
r-devel-linux-x86_64-debian-gcc | 0.1.3 | 105.81 | 43.57 | 149.38 | OK | |
r-devel-linux-x86_64-fedora-clang | 0.1.3 | 294.09 | NOTE | |||
r-devel-linux-x86_64-fedora-gcc | 0.1.3 | 252.68 | OK | |||
r-devel-windows-ix86+x86_64 | 0.1.3 | 339.00 | 118.00 | 457.00 | OK | |
r-patched-linux-x86_64 | 0.1.3 | 108.59 | 55.99 | 164.58 | OK | |
r-patched-solaris-x86 | 0.1.3 | 248.20 | OK | |||
r-release-linux-x86_64 | 0.1.3 | 105.96 | 56.79 | 162.75 | OK | |
r-release-macos-x86_64 | 0.1.3 | NOTE | ||||
r-release-windows-ix86+x86_64 | 0.1.3 | 348.00 | 92.00 | 440.00 | OK | |
r-oldrel-macos-x86_64 | 0.1.3 | NOTE | ||||
r-oldrel-windows-ix86+x86_64 | 0.1.3 | 244.00 | 113.00 | 357.00 | OK |
Version: 0.1.3
Check: installed package size
Result: NOTE
installed size is 6.4Mb
sub-directories of 1Mb or more:
libs 5.9Mb
Flavors: r-devel-linux-x86_64-fedora-clang, r-release-macos-x86_64, r-oldrel-macos-x86_64