CRAN Package Check Results for Package GSE

Last updated on 2020-08-19 01:50:01 CEST.

Flavor Version Tinstall Tcheck Ttotal Status Flags
r-devel-linux-x86_64-debian-clang 4.2 97.38 67.19 164.57 OK
r-devel-linux-x86_64-debian-gcc 4.2 71.62 51.36 122.98 OK
r-devel-linux-x86_64-fedora-clang 4.2 222.73 NOTE
r-devel-linux-x86_64-fedora-gcc 4.2 201.29 OK
r-devel-windows-ix86+x86_64 4.2 237.00 151.00 388.00 OK
r-patched-linux-x86_64 4.2 73.07 64.63 137.70 OK
r-patched-solaris-x86 4.2 207.10 OK
r-release-linux-x86_64 4.2 73.31 64.92 138.23 OK
r-release-macos-x86_64 4.2 OK
r-release-windows-ix86+x86_64 4.2 227.00 111.00 338.00 OK
r-oldrel-macos-x86_64 4.2 OK
r-oldrel-windows-ix86+x86_64 4.2 166.00 138.00 304.00 OK

Check Details

Version: 4.2
Check: installed package size
Result: NOTE
     installed size is 6.5Mb
     sub-directories of 1Mb or more:
     libs 6.0Mb
Flavor: r-devel-linux-x86_64-fedora-clang