CRAN Package Check Results for Package GUIProfiler

Last updated on 2020-08-19 01:50:01 CEST.

Flavor Version Tinstall Tcheck Ttotal Status Flags
r-devel-linux-x86_64-debian-clang 2.0.1 4.71 54.42 59.13 NOTE
r-devel-linux-x86_64-debian-gcc 2.0.1 4.09 42.37 46.46 NOTE
r-devel-linux-x86_64-fedora-clang 2.0.1 79.32 NOTE
r-devel-linux-x86_64-fedora-gcc 2.0.1 68.96 NOTE
r-devel-windows-ix86+x86_64 2.0.1 15.00 86.00 101.00 OK
r-patched-linux-x86_64 2.0.1 4.84 54.23 59.07 NOTE
r-patched-solaris-x86 2.0.1 133.90 NOTE
r-release-linux-x86_64 2.0.1 4.57 53.23 57.80 NOTE
r-release-macos-x86_64 2.0.1 OK
r-release-windows-ix86+x86_64 2.0.1 15.00 68.00 83.00 OK
r-oldrel-macos-x86_64 2.0.1 OK
r-oldrel-windows-ix86+x86_64 2.0.1 10.00 100.00 110.00 OK

Check Details

Version: 2.0.1
Check: for non-standard things in the check directory
Result: NOTE
    Found the following files/directories:
     'RRprof.out'
Flavors: r-devel-linux-x86_64-debian-clang, r-devel-linux-x86_64-debian-gcc, r-devel-linux-x86_64-fedora-clang, r-devel-linux-x86_64-fedora-gcc, r-patched-linux-x86_64, r-patched-solaris-x86, r-release-linux-x86_64