Last updated on 2020-08-19 01:50:01 CEST.
Flavor | Version | Tinstall | Tcheck | Ttotal | Status | Flags |
---|---|---|---|---|---|---|
r-devel-linux-x86_64-debian-clang | 0.0.5 | 2.81 | 28.29 | 31.10 | OK | |
r-devel-linux-x86_64-debian-gcc | 0.0.5 | 2.11 | 22.35 | 24.46 | OK | |
r-devel-linux-x86_64-fedora-clang | 0.0.5 | 45.60 | OK | |||
r-devel-linux-x86_64-fedora-gcc | 0.0.5 | 36.48 | OK | |||
r-devel-windows-ix86+x86_64 | 0.0.5 | 10.00 | 53.00 | 63.00 | OK | |
r-patched-linux-x86_64 | 0.0.5 | 2.85 | 27.84 | 30.69 | OK | |
r-patched-solaris-x86 | 0.0.5 | 58.40 | WARN | |||
r-release-linux-x86_64 | 0.0.5 | 2.95 | 27.85 | 30.80 | OK | |
r-release-macos-x86_64 | 0.0.5 | WARN | ||||
r-release-windows-ix86+x86_64 | 0.0.5 | 9.00 | 43.00 | 52.00 | OK | |
r-oldrel-macos-x86_64 | 0.0.5 | WARN | ||||
r-oldrel-windows-ix86+x86_64 | 0.0.5 | 5.00 | 45.00 | 50.00 | OK |
Version: 0.0.5
Check: re-building of vignette outputs
Result: WARN
Error(s) in re-building vignettes:
...
--- re-building ‘Basic_use.Rmd’ using rmarkdown
Warning in engine$weave(file, quiet = quiet, encoding = enc) :
Pandoc (>= 1.12.3) and/or pandoc-citeproc not available. Falling back to R Markdown v1.
Quitting from lines 122-128 (Basic_use.Rmd)
Error: processing vignette 'Basic_use.Rmd' failed with diagnostics:
there is no package called 'webshot'
--- failed re-building ‘Basic_use.Rmd’
SUMMARY: processing the following file failed:
‘Basic_use.Rmd’
Error: Vignette re-building failed.
Execution halted
Flavor: r-patched-solaris-x86
Version: 0.0.5
Check: re-building of vignette outputs
Result: WARN
Error(s) in re-building vignettes:
...
--- re-building ‘Basic_use.Rmd’ using rmarkdown
Warning in engine$weave(file, quiet = quiet, encoding = enc) :
Pandoc (>= 1.12.3) and/or pandoc-citeproc not available. Falling back to R Markdown v1.
Quitting from lines 122-128 (Basic_use.Rmd)
Error: processing vignette 'Basic_use.Rmd' failed with diagnostics:
cannot open the connection
--- failed re-building ‘Basic_use.Rmd’
SUMMARY: processing the following file failed:
‘Basic_use.Rmd’
Error: Vignette re-building failed.
Execution halted
Flavors: r-release-macos-x86_64, r-oldrel-macos-x86_64