CRAN Package Check Results for Package IDPmisc

Last updated on 2020-08-19 01:50:03 CEST.

Flavor Version Tinstall Tcheck Ttotal Status Flags
r-devel-linux-x86_64-debian-clang 1.1.20 7.06 53.72 60.78 OK
r-devel-linux-x86_64-debian-gcc 1.1.20 6.26 39.61 45.87 OK
r-devel-linux-x86_64-fedora-clang 1.1.20 80.15 NOTE
r-devel-linux-x86_64-fedora-gcc 1.1.20 70.51 OK
r-devel-windows-ix86+x86_64 1.1.20 22.00 108.00 130.00 OK
r-patched-linux-x86_64 1.1.20 6.48 53.49 59.97 OK
r-patched-solaris-x86 1.1.20 100.90 OK
r-release-linux-x86_64 1.1.20 7.36 53.31 60.67 OK
r-release-macos-x86_64 1.1.20 OK
r-release-windows-ix86+x86_64 1.1.20 20.00 83.00 103.00 OK
r-oldrel-macos-x86_64 1.1.20 OK
r-oldrel-windows-ix86+x86_64 1.1.20 14.00 103.00 117.00 OK

Check Details

Version: 1.1.20
Check: Rd cross-references
Result: NOTE
    Undeclared packages ‘sfsmisc’, ‘RColorBrewer’, ‘hexbin’ in Rd xrefs
Flavor: r-devel-linux-x86_64-fedora-clang