Last updated on 2020-08-19 01:50:03 CEST.
Flavor | Version | Tinstall | Tcheck | Ttotal | Status | Flags |
---|---|---|---|---|---|---|
r-devel-linux-x86_64-debian-clang | 0.1.1 | 102.49 | 103.73 | 206.22 | OK | |
r-devel-linux-x86_64-debian-gcc | 0.1.1 | 84.95 | 76.28 | 161.23 | OK | |
r-devel-linux-x86_64-fedora-clang | 0.1.1 | 279.64 | NOTE | |||
r-devel-linux-x86_64-fedora-gcc | 0.1.1 | 263.03 | OK | |||
r-devel-windows-ix86+x86_64 | 0.1.1 | 262.00 | 202.00 | 464.00 | OK | |
r-patched-linux-x86_64 | 0.1.1 | 94.62 | 99.52 | 194.14 | OK | |
r-patched-solaris-x86 | 0.1.1 | 284.20 | OK | |||
r-release-linux-x86_64 | 0.1.1 | 92.80 | 99.64 | 192.44 | OK | |
r-release-macos-x86_64 | 0.1.1 | NOTE | ||||
r-release-windows-ix86+x86_64 | 0.1.1 | 255.00 | 160.00 | 415.00 | OK | |
r-oldrel-macos-x86_64 | 0.1.1 | NOTE | ||||
r-oldrel-windows-ix86+x86_64 | 0.1.1 | 185.00 | 190.00 | 375.00 | OK |
Version: 0.1.1
Check: installed package size
Result: NOTE
installed size is 9.7Mb
sub-directories of 1Mb or more:
libs 8.2Mb
Flavors: r-devel-linux-x86_64-fedora-clang, r-release-macos-x86_64, r-oldrel-macos-x86_64