CRAN Package Check Results for Package IOHexperimenter

Last updated on 2020-08-19 01:50:04 CEST.

Flavor Version Tinstall Tcheck Ttotal Status Flags
r-devel-linux-x86_64-debian-clang 0.1.3 53.92 30.09 84.01 WARN
r-devel-linux-x86_64-debian-gcc 0.1.3 46.09 23.15 69.24 OK
r-devel-linux-x86_64-fedora-clang 0.1.3 128.90 NOTE
r-devel-linux-x86_64-fedora-gcc 0.1.3 113.19 OK
r-devel-windows-ix86+x86_64 0.1.3 161.00 93.00 254.00 OK
r-patched-linux-x86_64 0.1.3 50.76 29.07 79.83 OK
r-patched-solaris-x86 0.1.3 107.40 OK
r-release-linux-x86_64 0.1.3 50.37 29.54 79.91 OK
r-release-macos-x86_64 0.1.3 NOTE
r-release-windows-ix86+x86_64 0.1.3 157.00 70.00 227.00 OK
r-oldrel-macos-x86_64 0.1.3 NOTE
r-oldrel-windows-ix86+x86_64 0.1.3 120.00 86.00 206.00 OK

Check Details

Version: 0.1.3
Check: whether package can be installed
Result: WARN
    Found the following significant warnings:
     ./Headers/wmodels.hpp:300:11: warning: using integer absolute value function 'abs' when argument is of floating point type [-Wabsolute-value]
     ./Headers/wmodels.hpp:306:9: warning: using integer absolute value function 'abs' when argument is of floating point type [-Wabsolute-value]
Flavor: r-devel-linux-x86_64-debian-clang

Version: 0.1.3
Check: installed package size
Result: NOTE
     installed size is 7.0Mb
     sub-directories of 1Mb or more:
     libs 6.9Mb
Flavors: r-devel-linux-x86_64-fedora-clang, r-release-macos-x86_64, r-oldrel-macos-x86_64