CRAN Package Check Results for Package KFKSDS

Last updated on 2020-08-19 01:50:04 CEST.

Flavor Version Tinstall Tcheck Ttotal Status Flags
r-devel-linux-x86_64-debian-clang 1.6 9.60 36.20 45.80 NOTE
r-devel-linux-x86_64-debian-gcc 1.6 7.80 27.21 35.01 NOTE
r-devel-linux-x86_64-fedora-clang 1.6 64.33 NOTE
r-devel-linux-x86_64-fedora-gcc 1.6 54.05 NOTE
r-devel-windows-ix86+x86_64 1.6 27.00 78.00 105.00 NOTE
r-patched-linux-x86_64 1.6 9.32 35.76 45.08 NOTE
r-patched-solaris-x86 1.6 80.90 NOTE
r-release-linux-x86_64 1.6 9.96 36.26 46.22 NOTE
r-release-macos-x86_64 1.6 NOTE
r-release-windows-ix86+x86_64 1.6 26.00 58.00 84.00 NOTE
r-oldrel-macos-x86_64 1.6 NOTE
r-oldrel-windows-ix86+x86_64 1.6 19.00 85.00 104.00 NOTE

Check Details

Version: 1.6
Check: R code for possible problems
Result: NOTE
    DS: no visible global function definition for 'is.ts'
    DS: no visible global function definition for 'ts'
    DS: no visible global function definition for 'tsp<-'
    DS: no visible global function definition for 'tsp'
    KF: no visible global function definition for 'ts'
    KF: no visible global function definition for 'tsp<-'
    KF: no visible global function definition for 'tsp'
    KF.deriv: no visible global function definition for 'ts'
    KF.deriv: no visible global function definition for 'tsp<-'
    KF.deriv: no visible global function definition for 'tsp'
    KF.deriv.C: no visible global function definition for 'ts'
    KF.deriv.C: no visible global function definition for 'tsp<-'
    KF.deriv.C: no visible global function definition for 'tsp'
    KS: no visible global function definition for 'is.ts'
    KS: no visible global function definition for 'ts'
    KS: no visible global function definition for 'tsp<-'
    KS: no visible global function definition for 'tsp'
    KS.deriv: no visible global function definition for 'ts'
    KS.deriv: no visible global function definition for 'frequency'
    KS.deriv: no visible global function definition for 'end'
    KS.deriv: no visible global function definition for 'tsp<-'
    KS.deriv: no visible global function definition for 'tsp'
    KSDS: no visible global function definition for 'ts'
    KSDS: no visible global function definition for 'frequency'
    KSDS: no visible global function definition for 'end'
    KSDS: no visible global function definition for 'tsp<-'
    KSDS: no visible global function definition for 'tsp'
    KSDS.deriv: no visible global function definition for 'ts'
    KSDS.deriv: no visible global function definition for 'frequency'
    KSDS.deriv: no visible global function definition for 'end'
    KSDS.deriv: no visible global function definition for 'tsp<-'
    KSDS.deriv: no visible global function definition for 'tsp'
    KalmanFilter: no visible global function definition for 'ts'
    KalmanFilter: no visible global function definition for 'tsp<-'
    KalmanFilter: no visible global function definition for 'tsp'
    predict.stsmSS: no visible global function definition for 'frequency'
    predict.stsmSS: no visible global function definition for 'tsp'
    predict.stsmSS: no visible global function definition for 'ts'
    Undefined global functions or variables:
     end frequency is.ts ts tsp tsp<-
    Consider adding
     importFrom("stats", "end", "frequency", "is.ts", "ts", "tsp", "tsp<-")
    to your NAMESPACE file.
Flavors: r-devel-linux-x86_64-debian-clang, r-devel-linux-x86_64-debian-gcc, r-devel-linux-x86_64-fedora-clang, r-devel-linux-x86_64-fedora-gcc, r-devel-windows-ix86+x86_64, r-patched-linux-x86_64, r-patched-solaris-x86, r-release-linux-x86_64, r-release-macos-x86_64, r-release-windows-ix86+x86_64, r-oldrel-macos-x86_64, r-oldrel-windows-ix86+x86_64

Version: 1.6
Check: compiled code
Result: NOTE
    File ‘KFKSDS/libs/KFKSDS.so’:
     Found no calls to: ‘R_registerRoutines’, ‘R_useDynamicSymbols’
    
    It is good practice to register native routines and to disable symbol
    search.
    
    See ‘Writing portable packages’ in the ‘Writing R Extensions’ manual.
Flavors: r-devel-linux-x86_64-fedora-clang, r-devel-linux-x86_64-fedora-gcc