Last updated on 2020-08-19 01:50:04 CEST.
Flavor | Version | Tinstall | Tcheck | Ttotal | Status | Flags |
---|---|---|---|---|---|---|
r-devel-linux-x86_64-debian-clang | 0.0.2 | 10.50 | 127.99 | 138.49 | OK | |
r-devel-linux-x86_64-debian-gcc | 0.0.2 | 9.29 | 95.78 | 105.07 | OK | |
r-devel-linux-x86_64-fedora-clang | 0.0.2 | 168.93 | OK | |||
r-devel-linux-x86_64-fedora-gcc | 0.0.2 | 161.04 | OK | |||
r-devel-windows-ix86+x86_64 | 0.0.2 | 39.00 | 174.00 | 213.00 | OK | |
r-patched-linux-x86_64 | 0.0.2 | 9.96 | 123.79 | 133.75 | OK | |
r-patched-solaris-x86 | 0.0.2 | 232.20 | OK | |||
r-release-linux-x86_64 | 0.0.2 | 7.85 | 123.98 | 131.83 | OK | |
r-release-macos-x86_64 | 0.0.2 | WARN | ||||
r-release-windows-ix86+x86_64 | 0.0.2 | 31.00 | 121.00 | 152.00 | OK | |
r-oldrel-macos-x86_64 | 0.0.2 | WARN | ||||
r-oldrel-windows-ix86+x86_64 | 0.0.2 | 25.00 | 136.00 | 161.00 | OK |
Version: 0.0.2
Check: re-building of vignette outputs
Result: WARN
Error(s) in re-building vignettes:
...
--- re-building ‘KMunicate.Rmd’ using rmarkdown
Warning in engine$weave(file, quiet = quiet, encoding = enc) :
Pandoc (>= 1.12.3) and/or pandoc-citeproc not available. Falling back to R Markdown v1.
Registering fonts with R
Quitting from lines 136-145 (KMunicate.Rmd)
Error: processing vignette 'KMunicate.Rmd' failed with diagnostics:
polygon edge not found
--- failed re-building ‘KMunicate.Rmd’
SUMMARY: processing the following file failed:
‘KMunicate.Rmd’
Error: Vignette re-building failed.
Execution halted
Flavors: r-release-macos-x86_64, r-oldrel-macos-x86_64