Last updated on 2020-08-19 01:50:05 CEST.
Flavor | Version | Tinstall | Tcheck | Ttotal | Status | Flags |
---|---|---|---|---|---|---|
r-devel-linux-x86_64-debian-clang | 0.2.7 | 9.34 | 157.69 | 167.03 | OK | |
r-devel-linux-x86_64-debian-gcc | 0.2.7 | 7.76 | 113.22 | 120.98 | OK | |
r-devel-linux-x86_64-fedora-clang | 0.2.7 | 189.81 | OK | |||
r-devel-linux-x86_64-fedora-gcc | 0.2.7 | 187.02 | OK | |||
r-devel-windows-ix86+x86_64 | 0.2.7 | 34.00 | 241.00 | 275.00 | OK | |
r-patched-linux-x86_64 | 0.2.7 | 9.76 | 150.41 | 160.17 | OK | |
r-patched-solaris-x86 | 0.2.7 | 267.40 | WARN | |||
r-release-linux-x86_64 | 0.2.7 | 8.31 | 152.43 | 160.74 | OK | |
r-release-macos-x86_64 | 0.2.7 | WARN | ||||
r-release-windows-ix86+x86_64 | 0.2.7 | 33.00 | 180.00 | 213.00 | OK | |
r-oldrel-macos-x86_64 | 0.2.7 | WARN | ||||
r-oldrel-windows-ix86+x86_64 | 0.2.7 | 19.00 | 188.00 | 207.00 | OK |
Version: 0.2.7
Check: re-building of vignette outputs
Result: WARN
Error(s) in re-building vignettes:
...
--- re-building ‘LDATS_codebase.Rmd’ using rmarkdown
Warning in engine$weave(file, quiet = quiet, encoding = enc) :
Pandoc (>= 1.12.3) and/or pandoc-citeproc not available. Falling back to R Markdown v1.
--- finished re-building ‘LDATS_codebase.Rmd’
--- re-building ‘paper-comparison.Rmd’ using rmarkdown
Warning in engine$weave(file, quiet = quiet, encoding = enc) :
Pandoc (>= 1.12.3) and/or pandoc-citeproc not available. Falling back to R Markdown v1.
Quitting from lines 59-60 (paper-comparison.Rmd)
Error: processing vignette 'paper-comparison.Rmd' failed with diagnostics:
object 'params' not found
--- failed re-building ‘paper-comparison.Rmd’
--- re-building ‘rodents-example.Rmd’ using rmarkdown
Warning in engine$weave(file, quiet = quiet, encoding = enc) :
Pandoc (>= 1.12.3) and/or pandoc-citeproc not available. Falling back to R Markdown v1.
--- finished re-building ‘rodents-example.Rmd’
SUMMARY: processing the following file failed:
‘paper-comparison.Rmd’
Error: Vignette re-building failed.
Execution halted
Flavors: r-patched-solaris-x86, r-release-macos-x86_64, r-oldrel-macos-x86_64