Last updated on 2020-08-19 01:50:05 CEST.
Flavor | Version | Tinstall | Tcheck | Ttotal | Status | Flags |
---|---|---|---|---|---|---|
r-devel-linux-x86_64-debian-clang | 0.9.7 | 103.41 | 344.68 | 448.09 | OK | |
r-devel-linux-x86_64-debian-gcc | 0.9.7 | 77.02 | 255.04 | 332.06 | OK | |
r-devel-linux-x86_64-fedora-clang | 0.9.7 | 542.34 | NOTE | |||
r-devel-linux-x86_64-fedora-gcc | 0.9.7 | 529.40 | OK | |||
r-devel-windows-ix86+x86_64 | 0.9.7 | 239.00 | 640.00 | 879.00 | NOTE | |
r-patched-linux-x86_64 | 0.9.7 | 89.11 | 336.08 | 425.19 | OK | |
r-patched-solaris-x86 | 0.9.7 | 608.70 | NOTE | |||
r-release-linux-x86_64 | 0.9.7 | 85.99 | 337.84 | 423.83 | OK | |
r-release-macos-x86_64 | 0.9.7 | NOTE | ||||
r-release-windows-ix86+x86_64 | 0.9.7 | 229.00 | 492.00 | 721.00 | NOTE | |
r-oldrel-macos-x86_64 | 0.9.7 | NOTE | ||||
r-oldrel-windows-ix86+x86_64 | 0.9.7 | 170.00 | 489.00 | 659.00 | NOTE |
Version: 0.9.7
Check: installed package size
Result: NOTE
installed size is 6.3Mb
sub-directories of 1Mb or more:
R 1.6Mb
help 1.1Mb
libs 2.0Mb
Flavors: r-devel-linux-x86_64-fedora-clang, r-devel-windows-ix86+x86_64, r-patched-solaris-x86, r-release-macos-x86_64, r-release-windows-ix86+x86_64, r-oldrel-macos-x86_64, r-oldrel-windows-ix86+x86_64
Version: 0.9.7
Check: Rd cross-references
Result: NOTE
Undeclared package ‘shiny’ in Rd xrefs
Flavor: r-devel-linux-x86_64-fedora-clang