CRAN Package Check Results for Package MAclinical

Last updated on 2020-08-19 01:50:05 CEST.

Flavor Version Tinstall Tcheck Ttotal Status Flags
r-devel-linux-x86_64-debian-clang 1.0-5 12.29 100.65 112.94 NOTE
r-devel-linux-x86_64-debian-gcc 1.0-5 10.86 77.04 87.90 NOTE
r-devel-linux-x86_64-fedora-clang 1.0-5 141.55 NOTE
r-devel-linux-x86_64-fedora-gcc 1.0-5 132.03 NOTE
r-devel-windows-ix86+x86_64 1.0-5 38.00 148.00 186.00 NOTE
r-patched-linux-x86_64 1.0-5 11.51 98.96 110.47 NOTE
r-patched-solaris-x86 1.0-5 208.60 NOTE
r-release-linux-x86_64 1.0-5 12.32 98.82 111.14 NOTE
r-release-macos-x86_64 1.0-5 NOTE
r-release-windows-ix86+x86_64 1.0-5 34.00 110.00 144.00 NOTE
r-oldrel-macos-x86_64 1.0-5 NOTE
r-oldrel-windows-ix86+x86_64 1.0-5 21.00 149.00 170.00 NOTE

Check Details

Version: 1.0-5
Check: R code for possible problems
Result: NOTE
    logistic_z: no visible global function definition for 'glm'
    logistic_z: no visible binding for global variable 'binomial'
    logistic_z: no visible global function definition for 'predict'
    plsrf_x: no visible global function definition for 'qnorm'
    plsrf_x: no visible global function definition for 'predict'
    plsrf_x_pv: no visible global function definition for 'qnorm'
    plsrf_x_pv: no visible global function definition for 'predict'
    plsrf_xz: no visible global function definition for 'qnorm'
    plsrf_xz: no visible global function definition for 'predict'
    plsrf_xz_pv: no visible global function definition for 'qnorm'
    plsrf_xz_pv: no visible global function definition for 'predict'
    rf_z: no visible global function definition for 'qnorm'
    rf_z: no visible global function definition for 'predict'
    simuldata_list: no visible global function definition for 'rnorm'
    simuldatacluster_list: no visible global function definition for
     'rnorm'
    svm_x: no visible global function definition for 'predict'
    Undefined global functions or variables:
     binomial glm predict qnorm rnorm
    Consider adding
     importFrom("stats", "binomial", "glm", "predict", "qnorm", "rnorm")
    to your NAMESPACE file.
Flavors: r-devel-linux-x86_64-debian-clang, r-devel-linux-x86_64-debian-gcc, r-devel-linux-x86_64-fedora-clang, r-devel-linux-x86_64-fedora-gcc, r-devel-windows-ix86+x86_64, r-patched-linux-x86_64, r-patched-solaris-x86, r-release-linux-x86_64, r-release-macos-x86_64, r-release-windows-ix86+x86_64, r-oldrel-macos-x86_64, r-oldrel-windows-ix86+x86_64