CRAN Package Check Results for Package MESS

Last updated on 2020-08-19 01:50:06 CEST.

Flavor Version Tinstall Tcheck Ttotal Status Flags
r-devel-linux-x86_64-debian-clang 0.5.7 245.19 116.84 362.03 OK
r-devel-linux-x86_64-debian-gcc 0.5.7 190.74 88.52 279.26 OK
r-devel-linux-x86_64-fedora-clang 0.5.7 505.15 NOTE
r-devel-linux-x86_64-fedora-gcc 0.5.7 463.15 OK
r-devel-windows-ix86+x86_64 0.5.7 613.00 278.00 891.00 NOTE
r-patched-linux-x86_64 0.5.7 153.40 115.10 268.50 OK
r-patched-solaris-x86 0.5.7 472.00 OK
r-release-linux-x86_64 0.5.7 163.95 114.21 278.16 OK
r-release-macos-x86_64 0.5.7 NOTE
r-release-windows-ix86+x86_64 0.5.7 617.00 200.00 817.00 NOTE
r-oldrel-macos-x86_64 0.5.7 NOTE
r-oldrel-windows-ix86+x86_64 0.5.7 452.00 251.00 703.00 NOTE

Check Details

Version: 0.5.7
Check: installed package size
Result: NOTE
     installed size is 10.4Mb
     sub-directories of 1Mb or more:
     data 2.8Mb
     libs 7.3Mb
Flavors: r-devel-linux-x86_64-fedora-clang, r-devel-windows-ix86+x86_64, r-release-macos-x86_64, r-release-windows-ix86+x86_64, r-oldrel-macos-x86_64, r-oldrel-windows-ix86+x86_64