Last updated on 2020-08-19 01:50:06 CEST.
Flavor | Version | Tinstall | Tcheck | Ttotal | Status | Flags |
---|---|---|---|---|---|---|
r-devel-linux-x86_64-debian-clang | 1.0.7 | 57.04 | 417.20 | 474.24 | OK | |
r-devel-linux-x86_64-debian-gcc | 1.0.7 | 42.61 | 326.78 | 369.39 | OK | |
r-devel-linux-x86_64-fedora-clang | 1.0.7 | 574.67 | NOTE | |||
r-devel-linux-x86_64-fedora-gcc | 1.0.7 | 570.12 | NOTE | |||
r-devel-windows-ix86+x86_64 | 1.0.7 | 126.00 | 694.00 | 820.00 | OK | |
r-patched-linux-x86_64 | 1.0.7 | 52.04 | 412.93 | 464.97 | OK | |
r-patched-solaris-x86 | 1.0.7 | 5.20 | ERROR | --no-vignettes | ||
r-release-linux-x86_64 | 1.0.7 | 54.04 | 404.64 | 458.68 | OK | |
r-release-macos-x86_64 | 1.0.7 | OK | ||||
r-release-windows-ix86+x86_64 | 1.0.7 | 134.00 | 550.00 | 684.00 | OK | |
r-oldrel-macos-x86_64 | 1.0.7 | ERROR | ||||
r-oldrel-windows-ix86+x86_64 | 1.0.7 | 92.00 | 641.00 | 733.00 | OK |
Version: 1.0.7
Check: R code for possible problems
Result: NOTE
Possibly missing '()' after 'return' in the following functions:
‘Xcheck’ ‘getgenotype_person’ ‘getgenotypes’ ‘getgenotypes_C’
‘getgenotypes_R’ ‘getgenotypesdos’ ‘getgenotypesgenabel’
‘getgenotypesraw’
Flavors: r-devel-linux-x86_64-fedora-clang, r-devel-linux-x86_64-fedora-gcc
Version: 1.0.7
Flags: --no-vignettes
Check: package dependencies
Result: ERROR
Package required but not available: ‘gdsfmt’
See section ‘The DESCRIPTION file’ in the ‘Writing R Extensions’
manual.
Flavor: r-patched-solaris-x86
Version: 1.0.7
Check: package dependencies
Result: NOTE
Packages suggested but not available for checking:
'TxDb.Hsapiens.UCSC.hg19.knownGene', 'org.Hs.eg.db'
Flavor: r-oldrel-macos-x86_64
Version: 1.0.7
Check: whether package can be installed
Result: ERROR
Installation failed.
Flavor: r-oldrel-macos-x86_64