CRAN Package Check Results for Package Methplot

Last updated on 2020-08-19 01:50:06 CEST.

Flavor Version Tinstall Tcheck Ttotal Status Flags
r-devel-linux-x86_64-debian-clang 1.0 4.20 40.15 44.35 NOTE
r-devel-linux-x86_64-debian-gcc 1.0 3.25 30.15 33.40 NOTE
r-devel-linux-x86_64-fedora-clang 1.0 61.29 NOTE
r-devel-linux-x86_64-fedora-gcc 1.0 50.74 NOTE
r-devel-windows-ix86+x86_64 1.0 23.00 80.00 103.00 NOTE
r-patched-linux-x86_64 1.0 4.56 39.15 43.71 NOTE
r-patched-solaris-x86 1.0 86.80 NOTE
r-release-linux-x86_64 1.0 4.03 38.98 43.01 NOTE
r-release-macos-x86_64 1.0 NOTE
r-release-windows-ix86+x86_64 1.0 18.00 60.00 78.00 NOTE
r-oldrel-macos-x86_64 1.0 NOTE
r-oldrel-windows-ix86+x86_64 1.0 11.00 71.00 82.00 NOTE

Check Details

Version: 1.0
Check: DESCRIPTION meta-information
Result: NOTE
    Malformed Description field: should contain one or more complete sentences.
Flavors: r-devel-linux-x86_64-debian-clang, r-devel-linux-x86_64-debian-gcc, r-devel-linux-x86_64-fedora-clang, r-devel-linux-x86_64-fedora-gcc, r-devel-windows-ix86+x86_64, r-patched-linux-x86_64, r-patched-solaris-x86, r-release-linux-x86_64, r-release-macos-x86_64, r-release-windows-ix86+x86_64, r-oldrel-macos-x86_64, r-oldrel-windows-ix86+x86_64

Version: 1.0
Check: R code for possible problems
Result: NOTE
    getdata: no visible global function definition for 'read.csv'
    plotdata: no visible global function definition for 'head'
    Undefined global functions or variables:
     head read.csv
    Consider adding
     importFrom("utils", "head", "read.csv")
    to your NAMESPACE file.
Flavors: r-devel-linux-x86_64-debian-clang, r-devel-linux-x86_64-debian-gcc, r-devel-linux-x86_64-fedora-clang, r-devel-linux-x86_64-fedora-gcc, r-devel-windows-ix86+x86_64, r-patched-linux-x86_64, r-patched-solaris-x86, r-release-linux-x86_64, r-release-macos-x86_64, r-release-windows-ix86+x86_64, r-oldrel-macos-x86_64, r-oldrel-windows-ix86+x86_64