CRAN Package Check Results for Package MinBAR

Last updated on 2020-08-19 01:50:06 CEST.

Flavor Version Tinstall Tcheck Ttotal Status Flags
r-devel-linux-x86_64-debian-clang 1.1.1 9.78 87.48 97.26 OK
r-devel-linux-x86_64-debian-gcc 1.1.1 8.61 65.64 74.25 OK
r-devel-linux-x86_64-fedora-clang 1.1.1 122.50 NOTE
r-devel-linux-x86_64-fedora-gcc 1.1.1 112.71 NOTE
r-devel-windows-ix86+x86_64 1.1.1 35.00 129.00 164.00 OK
r-patched-linux-x86_64 1.1.1 7.69 85.05 92.74 OK
r-patched-solaris-x86 1.1.1 172.10 NOTE
r-release-linux-x86_64 1.1.1 7.35 84.86 92.21 OK
r-release-macos-x86_64 1.1.1 NOTE
r-release-windows-ix86+x86_64 1.1.1 24.00 98.00 122.00 OK
r-oldrel-macos-x86_64 1.1.1 NOTE
r-oldrel-windows-ix86+x86_64 1.1.1 17.00 93.00 110.00 OK

Check Details

Version: 1.1.1
Check: dependencies in R code
Result: NOTE
    Namespace in Imports field not imported from: ‘rgdal’
     All declared Imports should be used.
Flavors: r-devel-linux-x86_64-fedora-clang, r-devel-linux-x86_64-fedora-gcc, r-patched-solaris-x86, r-release-macos-x86_64, r-oldrel-macos-x86_64