Last updated on 2020-08-19 01:50:07 CEST.
Flavor | Version | Tinstall | Tcheck | Ttotal | Status | Flags |
---|---|---|---|---|---|---|
r-devel-linux-x86_64-debian-clang | 2.0.0 | 5.95 | 30.19 | 36.14 | OK | |
r-devel-linux-x86_64-debian-gcc | 2.0.0 | 4.64 | 23.85 | 28.49 | OK | |
r-devel-linux-x86_64-fedora-clang | 2.0.0 | 51.62 | NOTE | |||
r-devel-linux-x86_64-fedora-gcc | 2.0.0 | 42.12 | NOTE | |||
r-devel-windows-ix86+x86_64 | 2.0.0 | 22.00 | 73.00 | 95.00 | OK | |
r-patched-linux-x86_64 | 2.0.0 | 6.61 | 30.03 | 36.64 | OK | |
r-patched-solaris-x86 | 2.0.0 | 67.20 | NOTE | |||
r-release-linux-x86_64 | 2.0.0 | 5.17 | 30.14 | 35.31 | OK | |
r-release-macos-x86_64 | 2.0.0 | NOTE | ||||
r-release-windows-ix86+x86_64 | 1.0.1 | 22.00 | 56.00 | 78.00 | NOTE | |
r-oldrel-macos-x86_64 | 2.0.0 | NOTE | ||||
r-oldrel-windows-ix86+x86_64 | 2.0.0 | 12.00 | 42.00 | 54.00 | OK |
Version: 2.0.0
Check: dependencies in R code
Result: NOTE
Namespace in Imports field not imported from: ‘testthat’
All declared Imports should be used.
Flavors: r-devel-linux-x86_64-fedora-clang, r-devel-linux-x86_64-fedora-gcc, r-patched-solaris-x86, r-release-macos-x86_64, r-oldrel-macos-x86_64
Version: 1.0.1
Check: package dependencies
Result: NOTE
Package which this enhances but not available for checking: 'MonetDBLite'
Flavor: r-release-windows-ix86+x86_64
Version: 1.0.1
Check: dependencies in R code
Result: NOTE
Missing or unexported objects:
'dplyr::base_agg' 'dplyr::base_scalar' 'dplyr::build_sql'
'dplyr::is.ident' 'dplyr::sql_infix' 'dplyr::sql_prefix'
'dplyr::sql_translator' 'dplyr::sql_variant' 'dplyr::src_sql'
'dplyr::tbl_sql'
Flavor: r-release-windows-ix86+x86_64