CRAN Package Check Results for Package MultiSV

Last updated on 2020-08-19 01:50:07 CEST.

Flavor Version Tinstall Tcheck Ttotal Status Flags
r-devel-linux-x86_64-debian-clang 0.0-67 6.16 30.65 36.81 NOTE
r-devel-linux-x86_64-debian-gcc 0.0-67 5.20 24.11 29.31 NOTE
r-devel-linux-x86_64-fedora-clang 0.0-67 52.43 NOTE
r-devel-linux-x86_64-fedora-gcc 0.0-67 42.88 NOTE
r-devel-windows-ix86+x86_64 0.0-67 13.00 55.00 68.00 NOTE
r-patched-linux-x86_64 0.0-67 6.17 29.88 36.05 NOTE
r-patched-solaris-x86 0.0-67 67.90 NOTE
r-release-linux-x86_64 0.0-67 6.37 29.82 36.19 NOTE
r-release-macos-x86_64 0.0-67 NOTE
r-release-windows-ix86+x86_64 0.0-67 13.00 45.00 58.00 NOTE
r-oldrel-macos-x86_64 0.0-67 NOTE
r-oldrel-windows-ix86+x86_64 0.0-67 10.00 56.00 66.00 NOTE

Check Details

Version: 0.0-67
Check: R code for possible problems
Result: NOTE
    PrbMlt.default: no visible binding for global variable 'na.omit'
    PrbMlt.default: no visible global function definition for 'anova'
    Undefined global functions or variables:
     anova na.omit
    Consider adding
     importFrom("stats", "anova", "na.omit")
    to your NAMESPACE file.
Flavors: r-devel-linux-x86_64-debian-clang, r-devel-linux-x86_64-debian-gcc, r-devel-linux-x86_64-fedora-clang, r-devel-linux-x86_64-fedora-gcc, r-devel-windows-ix86+x86_64, r-patched-linux-x86_64, r-patched-solaris-x86, r-release-linux-x86_64, r-release-macos-x86_64, r-release-windows-ix86+x86_64, r-oldrel-macos-x86_64, r-oldrel-windows-ix86+x86_64

Version: 0.0-67
Check: installed package size
Result: NOTE
     installed size is 5.1Mb
     sub-directories of 1Mb or more:
     data 5.0Mb
Flavors: r-devel-linux-x86_64-fedora-clang, r-devel-windows-ix86+x86_64, r-patched-solaris-x86, r-release-macos-x86_64, r-release-windows-ix86+x86_64, r-oldrel-macos-x86_64, r-oldrel-windows-ix86+x86_64