Last updated on 2020-08-19 01:50:08 CEST.
Flavor | Version | Tinstall | Tcheck | Ttotal | Status | Flags |
---|---|---|---|---|---|---|
r-devel-linux-x86_64-debian-clang | 3.11 | 242.39 | 88.23 | 330.62 | OK | |
r-devel-linux-x86_64-debian-gcc | 3.11 | 169.55 | 67.83 | 237.38 | OK | |
r-devel-linux-x86_64-fedora-clang | 3.11 | 472.57 | NOTE | |||
r-devel-linux-x86_64-fedora-gcc | 3.11 | 414.45 | OK | |||
r-devel-windows-ix86+x86_64 | 3.11 | 593.00 | 179.00 | 772.00 | OK | |
r-patched-linux-x86_64 | 3.11 | 169.86 | 86.01 | 255.87 | OK | |
r-patched-solaris-x86 | 3.11 | 369.30 | OK | |||
r-release-linux-x86_64 | 3.11 | 169.11 | 86.38 | 255.49 | OK | |
r-release-macos-x86_64 | 3.11 | OK | ||||
r-release-windows-ix86+x86_64 | 3.11 | 584.00 | 136.00 | 720.00 | OK | |
r-oldrel-macos-x86_64 | 3.11 | OK | ||||
r-oldrel-windows-ix86+x86_64 | 3.11 | 455.00 | 175.00 | 630.00 | OK |
Version: 3.11
Check: installed package size
Result: NOTE
installed size is 7.2Mb
sub-directories of 1Mb or more:
libs 6.2Mb
Flavor: r-devel-linux-x86_64-fedora-clang