Last updated on 2020-08-19 01:50:08 CEST.
Flavor | Version | Tinstall | Tcheck | Ttotal | Status | Flags |
---|---|---|---|---|---|---|
r-devel-linux-x86_64-debian-clang | 0.2.0 | 2.11 | 62.33 | 64.44 | OK | |
r-devel-linux-x86_64-debian-gcc | 0.2.0 | 1.68 | 46.45 | 48.13 | OK | |
r-devel-linux-x86_64-fedora-clang | 0.2.0 | 81.97 | NOTE | |||
r-devel-linux-x86_64-fedora-gcc | 0.2.0 | 74.00 | NOTE | |||
r-devel-windows-ix86+x86_64 | 0.2.0 | 11.00 | 97.00 | 108.00 | OK | |
r-patched-linux-x86_64 | 0.2.0 | 2.04 | 59.15 | 61.19 | OK | |
r-patched-solaris-x86 | 0.2.0 | 108.10 | NOTE | |||
r-release-linux-x86_64 | 0.2.0 | 1.81 | 60.22 | 62.03 | OK | |
r-release-macos-x86_64 | 0.2.0 | NOTE | ||||
r-release-windows-ix86+x86_64 | 0.2.0 | 8.00 | 70.00 | 78.00 | OK | |
r-oldrel-macos-x86_64 | 0.2.0 | NOTE | ||||
r-oldrel-windows-ix86+x86_64 | 0.2.0 | 4.00 | 97.00 | 101.00 | OK |
Version: 0.2.0
Check: dependencies in R code
Result: NOTE
Namespace in Imports field not imported from: ‘tibble’
All declared Imports should be used.
Flavors: r-devel-linux-x86_64-fedora-clang, r-devel-linux-x86_64-fedora-gcc, r-patched-solaris-x86, r-release-macos-x86_64, r-oldrel-macos-x86_64