Last updated on 2020-08-19 01:50:08 CEST.
Flavor | Version | Tinstall | Tcheck | Ttotal | Status | Flags |
---|---|---|---|---|---|---|
r-devel-linux-x86_64-debian-clang | 1.0 | 10.05 | 79.98 | 90.03 | NOTE | |
r-devel-linux-x86_64-debian-gcc | 1.0 | 7.63 | 62.32 | 69.95 | NOTE | |
r-devel-linux-x86_64-fedora-clang | 1.0 | 117.12 | NOTE | |||
r-devel-linux-x86_64-fedora-gcc | 1.0 | 106.29 | NOTE | |||
r-devel-windows-ix86+x86_64 | 1.0 | 24.00 | 119.00 | 143.00 | NOTE | |
r-patched-linux-x86_64 | 1.0 | 8.03 | 80.29 | 88.32 | NOTE | |
r-patched-solaris-x86 | 1.0 | 163.90 | NOTE | |||
r-release-linux-x86_64 | 1.0 | 8.89 | 79.14 | 88.03 | NOTE | |
r-release-macos-x86_64 | 1.0 | NOTE | ||||
r-release-windows-ix86+x86_64 | 1.0 | 23.00 | 83.00 | 106.00 | NOTE | |
r-oldrel-macos-x86_64 | 1.0 | NOTE | ||||
r-oldrel-windows-ix86+x86_64 | 1.0 | 15.00 | 114.00 | 129.00 | NOTE |
Version: 1.0
Check: R code for possible problems
Result: NOTE
.mcmc.bar: no visible global function definition for 'rnorm'
.mcmc.bar: no visible global function definition for 'runif'
.mcmc.comb: no visible global function definition for 'rnorm'
.mcmc.comb: no visible global function definition for 'runif'
.mcmc.rd: no visible global function definition for 'rnorm'
.mcmc.rd: no visible global function definition for 'runif'
.mcmc.trans: no visible global function definition for 'rnorm'
.mcmc.trans: no visible global function definition for 'runif'
.simulate.bar: no visible global function definition for 'rlnorm'
.simulate.bar: no visible global function definition for 'rbeta'
.simulate.bar: no visible global function definition for 'rbinom'
.simulate.comb: no visible global function definition for 'rlnorm'
.simulate.comb: no visible global function definition for 'rbeta'
.simulate.comb: no visible global function definition for 'rbinom'
.simulate.rd: no visible global function definition for 'rlnorm'
.simulate.rd: no visible global function definition for 'rbinom'
.simulate.trans: no visible global function definition for 'rlnorm'
.simulate.trans: no visible global function definition for 'rbinom'
Undefined global functions or variables:
rbeta rbinom rlnorm rnorm runif
Consider adding
importFrom("stats", "rbeta", "rbinom", "rlnorm", "rnorm", "runif")
to your NAMESPACE file.
Flavors: r-devel-linux-x86_64-debian-clang, r-devel-linux-x86_64-debian-gcc, r-devel-linux-x86_64-fedora-clang, r-devel-linux-x86_64-fedora-gcc, r-devel-windows-ix86+x86_64, r-patched-linux-x86_64, r-patched-solaris-x86, r-release-linux-x86_64, r-release-macos-x86_64, r-release-windows-ix86+x86_64, r-oldrel-macos-x86_64, r-oldrel-windows-ix86+x86_64