Last updated on 2020-08-19 01:50:08 CEST.
Flavor | Version | Tinstall | Tcheck | Ttotal | Status | Flags |
---|---|---|---|---|---|---|
r-devel-linux-x86_64-debian-clang | 1.1.2 | 11.50 | 83.68 | 95.18 | OK | |
r-devel-linux-x86_64-debian-gcc | 1.1.2 | 8.90 | 61.20 | 70.10 | OK | |
r-devel-linux-x86_64-fedora-clang | 1.1.2 | 118.81 | NOTE | |||
r-devel-linux-x86_64-fedora-gcc | 1.1.2 | 107.71 | NOTE | |||
r-devel-windows-ix86+x86_64 | 1.1.2 | 24.00 | 121.00 | 145.00 | OK | |
r-patched-linux-x86_64 | 1.1.2 | 9.59 | 82.75 | 92.34 | OK | |
r-patched-solaris-x86 | 1.1.2 | 172.00 | NOTE | |||
r-release-linux-x86_64 | 1.1.2 | 9.37 | 82.92 | 92.29 | OK | |
r-release-macos-x86_64 | 1.1.2 | NOTE | ||||
r-release-windows-ix86+x86_64 | 1.1.2 | 25.00 | 119.00 | 144.00 | OK | |
r-oldrel-macos-x86_64 | 1.1.2 | NOTE | ||||
r-oldrel-windows-ix86+x86_64 | 1.1.2 | 13.00 | 87.00 | 100.00 | OK |
Version: 1.1.2
Check: dependencies in R code
Result: NOTE
Namespaces in Imports field not imported from:
‘MASS’ ‘Rdpack’ ‘base’ ‘graphics’ ‘parallel’
All declared Imports should be used.
Flavors: r-devel-linux-x86_64-fedora-clang, r-devel-linux-x86_64-fedora-gcc, r-patched-solaris-x86, r-release-macos-x86_64, r-oldrel-macos-x86_64