Last updated on 2020-08-19 01:50:07 CEST.
Flavor | Version | Tinstall | Tcheck | Ttotal | Status | Flags |
---|---|---|---|---|---|---|
r-devel-linux-x86_64-debian-clang | 1.2.1 | 12.74 | 108.05 | 120.79 | NOTE | |
r-devel-linux-x86_64-debian-gcc | 1.2.1 | 9.08 | 81.26 | 90.34 | NOTE | |
r-devel-linux-x86_64-fedora-clang | 1.2.1 | 148.79 | NOTE | |||
r-devel-linux-x86_64-fedora-gcc | 1.2.1 | 137.81 | NOTE | |||
r-devel-windows-ix86+x86_64 | 1.2.1 | 34.00 | 162.00 | 196.00 | WARN | |
r-patched-linux-x86_64 | 1.2.1 | 11.13 | 104.18 | 115.31 | NOTE | |
r-patched-solaris-x86 | 1.2.1 | 182.20 | NOTE | |||
r-release-linux-x86_64 | 1.2.1 | 13.58 | 103.83 | 117.41 | NOTE | |
r-release-macos-x86_64 | 1.2.1 | OK | ||||
r-release-windows-ix86+x86_64 | 1.2.1 | 34.00 | 118.00 | 152.00 | WARN | |
r-oldrel-macos-x86_64 | 1.2.1 | OK | ||||
r-oldrel-windows-ix86+x86_64 | 1.2.1 | 24.00 | 157.00 | 181.00 | WARN |
Version: 1.2.1
Check: for non-standard things in the check directory
Result: NOTE
Found the following files/directories:
'NanoStringNorm_Example_Plots_All.pdf'
'NanoStringNorm_Interactive_Plot'
Flavors: r-devel-linux-x86_64-debian-clang, r-devel-linux-x86_64-debian-gcc, r-devel-linux-x86_64-fedora-clang, r-devel-linux-x86_64-fedora-gcc, r-patched-linux-x86_64, r-patched-solaris-x86, r-release-linux-x86_64
Version: 1.2.1
Check: whether package can be installed
Result: WARN
Found the following significant warnings:
Warning: namespace 'Rcpp' is not available and has been replaced
Flavors: r-devel-windows-ix86+x86_64, r-release-windows-ix86+x86_64, r-oldrel-windows-ix86+x86_64