Last updated on 2020-08-19 01:50:08 CEST.
Flavor | Version | Tinstall | Tcheck | Ttotal | Status | Flags |
---|---|---|---|---|---|---|
r-devel-linux-x86_64-debian-clang | 0.1.5 | 77.90 | 98.40 | 176.30 | OK | |
r-devel-linux-x86_64-debian-gcc | 0.1.5 | 59.23 | 72.92 | 132.15 | OK | |
r-devel-linux-x86_64-fedora-clang | 0.1.5 | 228.53 | NOTE | |||
r-devel-linux-x86_64-fedora-gcc | 0.1.5 | 209.83 | NOTE | |||
r-devel-windows-ix86+x86_64 | 0.1.5 | 210.00 | 250.00 | 460.00 | OK | |
r-patched-linux-x86_64 | 0.1.5 | 61.54 | 97.07 | 158.61 | OK | |
r-patched-solaris-x86 | 0.1.5 | 264.50 | NOTE | |||
r-release-linux-x86_64 | 0.1.5 | 62.39 | 95.64 | 158.03 | OK | |
r-release-macos-x86_64 | 0.1.5 | NOTE | ||||
r-release-windows-ix86+x86_64 | 0.1.5 | 198.00 | 198.00 | 396.00 | OK | |
r-oldrel-macos-x86_64 | 0.1.5 | NOTE | ||||
r-oldrel-windows-ix86+x86_64 | 0.1.5 | 135.00 | 233.00 | 368.00 | OK |
Version: 0.1.5
Check: dependencies in R code
Result: NOTE
Namespace in Imports field not imported from: ‘clue’
All declared Imports should be used.
Flavors: r-devel-linux-x86_64-fedora-clang, r-devel-linux-x86_64-fedora-gcc, r-patched-solaris-x86, r-release-macos-x86_64, r-oldrel-macos-x86_64