CRAN Package Check Results for Package NutrienTrackeR

Last updated on 2020-08-19 01:50:08 CEST.

Flavor Version Tinstall Tcheck Ttotal Status Flags
r-devel-linux-x86_64-debian-clang 0.99.2 5.46 55.00 60.46 OK
r-devel-linux-x86_64-debian-gcc 0.99.2 4.85 43.55 48.40 OK
r-devel-linux-x86_64-fedora-clang 0.99.2 80.99 OK
r-devel-linux-x86_64-fedora-gcc 0.99.2 75.45 OK
r-devel-windows-ix86+x86_64 0.99.2 28.00 96.00 124.00 OK
r-patched-linux-x86_64 0.99.2 5.53 54.40 59.93 OK
r-patched-solaris-x86 0.99.2 103.70 OK
r-release-linux-x86_64 0.99.2 6.05 53.79 59.84 OK
r-release-macos-x86_64 0.99.2 OK
r-release-windows-ix86+x86_64 0.99.2 19.00 67.00 86.00 OK
r-oldrel-macos-x86_64 0.99.2 NOTE
r-oldrel-windows-ix86+x86_64 0.99.2 14.00 90.00 104.00 OK

Check Details

Version: 0.99.2
Check: package dependencies
Result: NOTE
    Package suggested but not available for checking: ‘BiocStyle’
Flavor: r-oldrel-macos-x86_64