CRAN Package Check Results for Package ORCI

Last updated on 2020-08-19 01:50:09 CEST.

Flavor Version Tinstall Tcheck Ttotal Status Flags
r-devel-linux-x86_64-debian-clang 1.1 2.59 21.70 24.29 NOTE
r-devel-linux-x86_64-debian-gcc 1.1 2.04 17.27 19.31 NOTE
r-devel-linux-x86_64-fedora-clang 1.1 38.33 NOTE
r-devel-linux-x86_64-fedora-gcc 1.1 28.81 NOTE
r-devel-windows-ix86+x86_64 1.1 10.00 48.00 58.00 NOTE
r-patched-linux-x86_64 1.1 2.48 21.61 24.09 NOTE
r-patched-solaris-x86 1.1 44.10 NOTE
r-release-linux-x86_64 1.1 2.84 21.76 24.60 NOTE
r-release-macos-x86_64 1.1 NOTE
r-release-windows-ix86+x86_64 1.1 5.00 33.00 38.00 NOTE
r-oldrel-macos-x86_64 1.1 NOTE
r-oldrel-windows-ix86+x86_64 1.1 5.00 45.00 50.00 NOTE

Check Details

Version: 1.1
Check: R code for possible problems
Result: NOTE
    Agrestiind.CI: no visible global function definition for 'qnorm'
    BPexact.CI: no visible global function definition for 'uniroot'
    BPmidp.CI: no visible global function definition for 'uniroot'
    Cornfieldexact.CI: no visible global function definition for 'uniroot'
    Cornfieldmidp.CI: no visible global function definition for 'uniroot'
    Gart.CI: no visible global function definition for 'qnorm'
    Invsinh.CI: no visible global function definition for 'qnorm'
    Woolf.CI: no visible global function definition for 'qnorm'
    Undefined global functions or variables:
     qnorm uniroot
    Consider adding
     importFrom("stats", "qnorm", "uniroot")
    to your NAMESPACE file.
Flavors: r-devel-linux-x86_64-debian-clang, r-devel-linux-x86_64-debian-gcc, r-devel-linux-x86_64-fedora-clang, r-devel-linux-x86_64-fedora-gcc, r-devel-windows-ix86+x86_64, r-patched-linux-x86_64, r-patched-solaris-x86, r-release-linux-x86_64, r-release-macos-x86_64, r-release-windows-ix86+x86_64, r-oldrel-macos-x86_64, r-oldrel-windows-ix86+x86_64