CRAN Package Check Results for Package OSDR

Last updated on 2020-08-19 01:50:09 CEST.

Flavor Version Tinstall Tcheck Ttotal Status Flags
r-devel-linux-x86_64-debian-clang 1.1.3 1.98 21.21 23.19 OK
r-devel-linux-x86_64-debian-gcc 1.1.3 1.45 17.61 19.06 OK
r-devel-linux-x86_64-fedora-clang 1.1.3 37.84 NOTE
r-devel-linux-x86_64-fedora-gcc 1.1.3 27.48 OK
r-devel-windows-ix86+x86_64 1.1.3 9.00 48.00 57.00 OK
r-patched-linux-x86_64 1.1.3 1.90 21.65 23.55 OK
r-patched-solaris-x86 1.1.3 44.80 OK
r-release-linux-x86_64 1.1.3 1.73 22.03 23.76 OK
r-release-macos-x86_64 1.1.3 OK
r-release-windows-ix86+x86_64 1.1.3 7.00 37.00 44.00 OK
r-oldrel-macos-x86_64 1.1.3 OK
r-oldrel-windows-ix86+x86_64 1.1.3 4.00 46.00 50.00 OK

Check Details

Version: 1.1.3
Check: Rd cross-references
Result: NOTE
    Undeclared package ‘maxmatching’ in Rd xrefs
Flavor: r-devel-linux-x86_64-fedora-clang