Last updated on 2020-08-19 01:50:09 CEST.
Flavor | Version | Tinstall | Tcheck | Ttotal | Status | Flags |
---|---|---|---|---|---|---|
r-devel-linux-x86_64-debian-clang | 1.1.7 | 62.37 | 95.37 | 157.74 | OK | |
r-devel-linux-x86_64-debian-gcc | 1.1.7 | 49.01 | 71.23 | 120.24 | OK | |
r-devel-linux-x86_64-fedora-clang | 1.1.7 | 210.11 | NOTE | |||
r-devel-linux-x86_64-fedora-gcc | 1.1.7 | 195.96 | OK | |||
r-devel-windows-ix86+x86_64 | 1.1.7 | 145.00 | 201.00 | 346.00 | NOTE | |
r-patched-linux-x86_64 | 1.1.7 | 54.06 | 88.88 | 142.94 | OK | |
r-patched-solaris-x86 | 1.1.7 | 273.60 | OK | |||
r-release-linux-x86_64 | 1.1.7 | 53.32 | 89.92 | 143.24 | OK | |
r-release-macos-x86_64 | 1.1.7 | NOTE | ||||
r-release-windows-ix86+x86_64 | 1.1.7 | 147.00 | 156.00 | 303.00 | NOTE | |
r-oldrel-macos-x86_64 | 1.1.7 | NOTE | ||||
r-oldrel-windows-ix86+x86_64 | 1.1.7 | 111.00 | 163.00 | 274.00 | NOTE |
Version: 1.1.7
Check: installed package size
Result: NOTE
installed size is 9.2Mb
sub-directories of 1Mb or more:
doc 2.1Mb
libs 6.5Mb
Flavors: r-devel-linux-x86_64-fedora-clang, r-devel-windows-ix86+x86_64, r-release-macos-x86_64, r-release-windows-ix86+x86_64, r-oldrel-macos-x86_64, r-oldrel-windows-ix86+x86_64