Last updated on 2020-08-19 01:50:09 CEST.
Flavor | Version | Tinstall | Tcheck | Ttotal | Status | Flags |
---|---|---|---|---|---|---|
r-devel-linux-x86_64-debian-clang | 0.1.12 | 21.00 | 103.52 | 124.52 | OK | |
r-devel-linux-x86_64-debian-gcc | 0.1.12 | 15.92 | 81.50 | 97.42 | OK | |
r-devel-linux-x86_64-fedora-clang | 0.1.12 | 158.46 | OK | |||
r-devel-linux-x86_64-fedora-gcc | 0.1.12 | 148.81 | OK | |||
r-devel-windows-ix86+x86_64 | 0.1.12 | 62.00 | 141.00 | 203.00 | OK | |
r-patched-linux-x86_64 | 0.1.12 | 21.39 | 105.48 | 126.87 | OK | |
r-patched-solaris-x86 | 0.1.12 | 219.70 | OK | |||
r-release-linux-x86_64 | 0.1.12 | 20.69 | 103.94 | 124.63 | OK | |
r-release-macos-x86_64 | 0.1.12 | OK | ||||
r-release-windows-ix86+x86_64 | 0.1.12 | 42.00 | 108.00 | 150.00 | OK | |
r-oldrel-macos-x86_64 | 0.1.12 | WARN | ||||
r-oldrel-windows-ix86+x86_64 | 0.1.12 | 27.00 | 150.00 | 177.00 | OK |
Version: 0.1.12
Check: whether package can be installed
Result: WARN
Found the following significant warnings:
Warning: 'rgl_init' failed, running with rgl.useNULL = TRUE
Flavor: r-oldrel-macos-x86_64