CRAN Package Check Results for Package OpenRepGrid.ic

Last updated on 2020-08-19 01:50:09 CEST.

Flavor Version Tinstall Tcheck Ttotal Status Flags
r-devel-linux-x86_64-debian-clang 0.3.0 6.08 55.89 61.97 OK
r-devel-linux-x86_64-debian-gcc 0.3.0 4.53 43.27 47.80 OK
r-devel-linux-x86_64-fedora-clang 0.3.0 81.90 NOTE
r-devel-linux-x86_64-fedora-gcc 0.3.0 72.17 NOTE
r-devel-windows-ix86+x86_64 0.3.0 37.00 85.00 122.00 OK
r-patched-linux-x86_64 0.3.0 5.10 54.30 59.40 OK
r-patched-solaris-x86 0.3.0 112.70 NOTE
r-release-linux-x86_64 0.3.0 6.72 53.92 60.64 OK
r-release-macos-x86_64 0.3.0 NOTE
r-release-windows-ix86+x86_64 0.3.0 27.00 67.00 94.00 OK
r-oldrel-macos-x86_64 0.3.0 NOTE
r-oldrel-windows-ix86+x86_64 0.3.0 12.00 65.00 77.00 OK

Check Details

Version: 0.3.0
Check: package dependencies
Result: NOTE
    Imports includes 22 non-default packages.
    Importing from so many packages makes the package vulnerable to any of
    them becoming unavailable. Move as many as possible to Suggests and
    use conditionally.
Flavor: r-devel-linux-x86_64-fedora-clang

Version: 0.3.0
Check: dependencies in R code
Result: NOTE
    Namespaces in Imports field not imported from:
     ‘formattable’ ‘rintrojs’ ‘shinyBS’ ‘shinyFeedback’ ‘shinyWidgets’
     ‘shinycssloaders’ ‘shinydashboard’ ‘shinydashboardPlus’ ‘shinyjs’
     ‘shinythemes’ ‘splines’ ‘testthat’ ‘tidyverse’
     All declared Imports should be used.
Flavors: r-devel-linux-x86_64-fedora-clang, r-devel-linux-x86_64-fedora-gcc, r-patched-solaris-x86, r-release-macos-x86_64, r-oldrel-macos-x86_64