Last updated on 2020-08-19 01:50:09 CEST.
Flavor | Version | Tinstall | Tcheck | Ttotal | Status | Flags |
---|---|---|---|---|---|---|
r-devel-linux-x86_64-debian-clang | 0.1.3 | 2.42 | 35.43 | 37.85 | OK | |
r-devel-linux-x86_64-debian-gcc | 0.1.3 | 2.24 | 25.93 | 28.17 | OK | |
r-devel-linux-x86_64-fedora-clang | 0.1.3 | 52.42 | NOTE | |||
r-devel-linux-x86_64-fedora-gcc | 0.1.3 | 43.59 | NOTE | |||
r-devel-windows-ix86+x86_64 | 0.1.3 | 11.00 | 55.00 | 66.00 | OK | |
r-patched-linux-x86_64 | 0.1.3 | 2.95 | 34.39 | 37.34 | OK | |
r-patched-solaris-x86 | 0.1.3 | 60.20 | NOTE | |||
r-release-linux-x86_64 | 0.1.3 | 2.74 | 34.64 | 37.38 | OK | |
r-release-macos-x86_64 | 0.1.3 | NOTE | ||||
r-release-windows-ix86+x86_64 | 0.1.3 | 14.00 | 43.00 | 57.00 | OK | |
r-oldrel-macos-x86_64 | 0.1.3 | NOTE | ||||
r-oldrel-windows-ix86+x86_64 | 0.1.3 | 9.00 | 61.00 | 70.00 | OK |
Version: 0.1.3
Check: dependencies in R code
Result: NOTE
Namespaces in Imports field not imported from:
‘boot’ ‘splines’
All declared Imports should be used.
Flavors: r-devel-linux-x86_64-fedora-clang, r-devel-linux-x86_64-fedora-gcc, r-patched-solaris-x86, r-release-macos-x86_64, r-oldrel-macos-x86_64