CRAN Package Check Results for Package PSLM2015

Last updated on 2020-08-19 01:50:12 CEST.

Flavor Version Tinstall Tcheck Ttotal Status Flags
r-devel-linux-x86_64-debian-clang 0.2.0 8.21 38.65 46.86 OK
r-devel-linux-x86_64-debian-gcc 0.2.0 7.08 29.91 36.99 OK
r-devel-linux-x86_64-fedora-clang 0.2.0 64.41 NOTE
r-devel-linux-x86_64-fedora-gcc 0.2.0 54.86 NOTE
r-devel-windows-ix86+x86_64 0.2.0 27.00 72.00 99.00 OK
r-patched-linux-x86_64 0.2.0 8.11 37.48 45.59 OK
r-patched-solaris-x86 0.2.0 84.30 NOTE
r-release-linux-x86_64 0.2.0 7.31 37.51 44.82 OK
r-release-macos-x86_64 0.2.0 NOTE
r-release-windows-ix86+x86_64 0.2.0 19.00 48.00 67.00 OK
r-oldrel-macos-x86_64 0.2.0 NOTE
r-oldrel-windows-ix86+x86_64 0.2.0 13.00 70.00 83.00 OK

Check Details

Version: 0.2.0
Check: data for non-ASCII characters
Result: NOTE
     Note: found 26 marked Latin-1 strings
Flavors: r-devel-linux-x86_64-fedora-clang, r-devel-linux-x86_64-fedora-gcc, r-patched-solaris-x86, r-release-macos-x86_64, r-oldrel-macos-x86_64