CRAN Package Check Results for Package PortfolioEffectHFT

Last updated on 2020-08-19 01:50:11 CEST.

Flavor Version Tinstall Tcheck Ttotal Status Flags
r-devel-linux-x86_64-debian-clang 1.8 13.06 80.05 93.11 OK
r-devel-linux-x86_64-debian-gcc 1.8 11.36 60.17 71.53 OK
r-devel-linux-x86_64-fedora-clang 1.8 119.31 NOTE
r-devel-linux-x86_64-fedora-gcc 1.8 111.79 OK
r-devel-windows-ix86+x86_64 1.8 39.00 135.00 174.00 NOTE
r-patched-linux-x86_64 1.8 14.11 77.39 91.50 OK
r-patched-solaris-x86 1.8 151.50 NOTE
r-release-linux-x86_64 1.8 13.51 76.50 90.01 OK
r-release-macos-x86_64 1.8 NOTE
r-release-windows-ix86+x86_64 1.8 37.00 104.00 141.00 NOTE
r-oldrel-macos-x86_64 1.8 NOTE
r-oldrel-windows-ix86+x86_64 1.8 23.00 129.00 152.00 NOTE

Check Details

Version: 1.8
Check: installed package size
Result: NOTE
     installed size is 6.4Mb
     sub-directories of 1Mb or more:
     java 5.1Mb
Flavors: r-devel-linux-x86_64-fedora-clang, r-devel-windows-ix86+x86_64, r-patched-solaris-x86, r-release-macos-x86_64, r-release-windows-ix86+x86_64, r-oldrel-macos-x86_64, r-oldrel-windows-ix86+x86_64