CRAN Package Check Results for Package PortfolioOptim

Last updated on 2020-08-19 01:50:11 CEST.

Flavor Version Tinstall Tcheck Ttotal Status Flags
r-devel-linux-x86_64-debian-clang 1.1.1 3.00 25.26 28.26 OK
r-devel-linux-x86_64-debian-gcc 1.1.1 1.96 19.79 21.75 OK
r-devel-linux-x86_64-fedora-clang 1.1.1 43.05 OK
r-devel-linux-x86_64-fedora-gcc 1.1.1 33.25 OK
r-devel-windows-ix86+x86_64 1.1.1 8.00 52.00 60.00 OK
r-patched-linux-x86_64 1.1.1 2.96 25.14 28.10 OK
r-release-linux-x86_64 1.1.1 2.66 25.03 27.69 OK
r-release-macos-x86_64 1.1.1 ERROR
r-release-windows-ix86+x86_64 1.1.1 12.00 36.00 48.00 OK
r-oldrel-macos-x86_64 1.1.1 ERROR
r-oldrel-windows-ix86+x86_64 1.1.1 5.00 49.00 54.00 OK

Check Details

Version: 1.1.1
Check: package dependencies
Result: ERROR
    Package required but not available: ‘Rsymphony’
    
    See section ‘The DESCRIPTION file’ in the ‘Writing R Extensions’
    manual.
Flavors: r-release-macos-x86_64, r-oldrel-macos-x86_64