CRAN Package Check Results for Package QuantTools

Last updated on 2020-08-19 01:50:12 CEST.

Flavor Version Tinstall Tcheck Ttotal Status Flags
r-devel-linux-x86_64-debian-clang 0.5.7 150.09 49.21 199.30 NOTE
r-devel-linux-x86_64-debian-gcc 0.5.7 102.65 37.39 140.04 NOTE
r-devel-linux-x86_64-fedora-clang 0.5.7 290.88 NOTE
r-devel-linux-x86_64-fedora-gcc 0.5.7 250.18 NOTE
r-devel-windows-ix86+x86_64 0.5.7 382.00 111.00 493.00 NOTE
r-patched-linux-x86_64 0.5.7 110.99 47.88 158.87 NOTE
r-patched-solaris-x86 0.5.7 215.40 NOTE
r-release-linux-x86_64 0.5.7 109.03 48.11 157.14 NOTE
r-release-macos-x86_64 0.5.7 NOTE
r-release-windows-ix86+x86_64 0.5.7 367.00 76.00 443.00 NOTE
r-oldrel-macos-x86_64 0.5.7 NOTE
r-oldrel-windows-ix86+x86_64 0.5.7 278.00 82.00 360.00 NOTE

Check Details

Version: 0.5.7
Check: line endings in C/C++/Fortran sources/headers
Result: NOTE
    Found the following sources/headers with CR or CRLF line endings:
     inst/include/BackTest.h
    Some Unix compilers require LF line endings.
Flavors: r-devel-linux-x86_64-debian-clang, r-devel-linux-x86_64-debian-gcc, r-devel-linux-x86_64-fedora-clang, r-devel-linux-x86_64-fedora-gcc, r-devel-windows-ix86+x86_64, r-patched-linux-x86_64, r-patched-solaris-x86, r-release-linux-x86_64, r-release-macos-x86_64, r-release-windows-ix86+x86_64, r-oldrel-macos-x86_64, r-oldrel-windows-ix86+x86_64

Version: 0.5.7
Check: installed package size
Result: NOTE
     installed size is 11.3Mb
     sub-directories of 1Mb or more:
     data 4.5Mb
     libs 6.1Mb
Flavors: r-devel-linux-x86_64-fedora-clang, r-devel-windows-ix86+x86_64, r-patched-solaris-x86, r-release-macos-x86_64, r-release-windows-ix86+x86_64, r-oldrel-macos-x86_64, r-oldrel-windows-ix86+x86_64