Last updated on 2020-08-19 01:50:12 CEST.
Flavor | Version | Tinstall | Tcheck | Ttotal | Status | Flags |
---|---|---|---|---|---|---|
r-devel-linux-x86_64-debian-clang | 1.6-1 | 168.60 | 377.59 | 546.19 | NOTE | |
r-devel-linux-x86_64-debian-gcc | 1.6-1 | 146.03 | 265.94 | 411.97 | NOTE | |
r-devel-linux-x86_64-fedora-clang | 1.6-1 | 643.25 | NOTE | |||
r-devel-linux-x86_64-fedora-gcc | 1.6-1 | 660.98 | NOTE | |||
r-devel-windows-ix86+x86_64 | 1.6-1 | 362.00 | 565.00 | 927.00 | NOTE | |
r-patched-linux-x86_64 | 1.6-1 | 164.08 | 356.52 | 520.60 | NOTE | |
r-patched-solaris-x86 | 1.6-1 | 704.20 | NOTE | |||
r-release-linux-x86_64 | 1.6-1 | 164.43 | 359.82 | 524.25 | NOTE | |
r-release-macos-x86_64 | 1.6-1 | NOTE | ||||
r-release-windows-ix86+x86_64 | 1.6-1 | 361.00 | 423.00 | 784.00 | NOTE | |
r-oldrel-macos-x86_64 | 1.6-1 | NOTE | ||||
r-oldrel-windows-ix86+x86_64 | 1.6-1 | 261.00 | 561.00 | 822.00 | NOTE |
Version: 1.6-1
Check: for GNU extensions in Makefiles
Result: NOTE
GNU make is a SystemRequirements.
Flavors: r-devel-linux-x86_64-debian-clang, r-devel-linux-x86_64-debian-gcc, r-devel-linux-x86_64-fedora-clang, r-devel-linux-x86_64-fedora-gcc, r-devel-windows-ix86+x86_64, r-patched-linux-x86_64, r-patched-solaris-x86, r-release-linux-x86_64, r-release-macos-x86_64, r-release-windows-ix86+x86_64, r-oldrel-macos-x86_64, r-oldrel-windows-ix86+x86_64
Version: 1.6-1
Check: installed package size
Result: NOTE
installed size is 40.4Mb
sub-directories of 1Mb or more:
doc 1.9Mb
libs 37.6Mb
Flavors: r-devel-linux-x86_64-fedora-clang, r-devel-windows-ix86+x86_64, r-patched-solaris-x86, r-release-macos-x86_64, r-release-windows-ix86+x86_64, r-oldrel-macos-x86_64, r-oldrel-windows-ix86+x86_64
Version: 1.6-1
Check: package dependencies
Result: NOTE
Package suggested but not available for checking: ‘rstanarm’
Flavor: r-release-linux-x86_64