CRAN Package Check Results for Package RClickhouse

Last updated on 2020-08-19 01:50:13 CEST.

Flavor Version Tinstall Tcheck Ttotal Status Flags
r-devel-linux-x86_64-debian-clang 0.5.2 106.88 55.71 162.59 OK
r-devel-linux-x86_64-debian-gcc 0.5.2 82.28 41.43 123.71 OK
r-devel-linux-x86_64-fedora-clang 0.5.2 255.59 NOTE
r-devel-linux-x86_64-fedora-gcc 0.5.2 207.13 OK
r-devel-windows-ix86+x86_64 0.5.2 291.00 130.00 421.00 OK
r-patched-linux-x86_64 0.5.2 85.09 53.48 138.57 OK
r-patched-solaris-x86 0.5.2 195.10 OK
r-release-linux-x86_64 0.5.2 85.75 53.00 138.75 OK
r-release-macos-x86_64 0.5.2 NOTE
r-release-windows-ix86+x86_64 0.5.2 282.00 105.00 387.00 OK
r-oldrel-macos-x86_64 0.5.2 WARN
r-oldrel-windows-ix86+x86_64 0.5.2 218.00 129.00 347.00 OK

Check Details

Version: 0.5.2
Check: installed package size
Result: NOTE
     installed size is 13.9Mb
     sub-directories of 1Mb or more:
     libs 13.6Mb
Flavors: r-devel-linux-x86_64-fedora-clang, r-release-macos-x86_64, r-oldrel-macos-x86_64

Version: 0.5.2
Check: for executable files
Result: WARN
    Found the following executable file:
     src/vendor/clickhouse-cpp/contrib/lz4/LICENSE
    Source packages should not contain undeclared executable files.
    See section ‘Package structure’ in the ‘Writing R Extensions’ manual.
Flavor: r-oldrel-macos-x86_64