CRAN Package Check Results for Package REREFACT

Last updated on 2020-08-19 01:50:13 CEST.

Flavor Version Tinstall Tcheck Ttotal Status Flags
r-devel-linux-x86_64-debian-clang 1.0 9.04 75.13 84.17 NOTE
r-devel-linux-x86_64-debian-gcc 1.0 7.52 57.66 65.18 NOTE
r-devel-linux-x86_64-fedora-clang 1.0 107.43 NOTE
r-devel-linux-x86_64-fedora-gcc 1.0 98.88 NOTE
r-devel-windows-ix86+x86_64 1.0 27.00 104.00 131.00 OK
r-patched-linux-x86_64 1.0 8.93 73.62 82.55 NOTE
r-patched-solaris-x86 1.0 142.10 NOTE
r-release-linux-x86_64 1.0 8.08 73.13 81.21 NOTE
r-release-macos-x86_64 1.0 OK
r-release-windows-ix86+x86_64 1.0 22.00 83.00 105.00 OK
r-oldrel-macos-x86_64 1.0 OK
r-oldrel-windows-ix86+x86_64 1.0 15.00 107.00 122.00 OK

Check Details

Version: 1.0
Check: for non-standard things in the check directory
Result: NOTE
    Found the following files/directories:
     'P.csv' 'correct_alpha.csv' 'correct_beta.csv' 'correct_gamma.csv'
     'correct_lambda.csv' 'correct_perm_list.csv' 'correct_psi.csv'
Flavors: r-devel-linux-x86_64-debian-clang, r-devel-linux-x86_64-debian-gcc, r-devel-linux-x86_64-fedora-clang, r-devel-linux-x86_64-fedora-gcc, r-patched-linux-x86_64, r-patched-solaris-x86, r-release-linux-x86_64