CRAN Package Check Results for Package RMTL

Last updated on 2020-08-19 01:50:14 CEST.

Flavor Version Tinstall Tcheck Ttotal Status Flags
r-devel-linux-x86_64-debian-clang 0.9 4.98 46.41 51.39 NOTE
r-devel-linux-x86_64-debian-gcc 0.9 3.66 35.15 38.81 NOTE
r-devel-linux-x86_64-fedora-clang 0.9 66.50 OK
r-devel-linux-x86_64-fedora-gcc 0.9 58.12 OK
r-devel-windows-ix86+x86_64 0.9 13.00 67.00 80.00 NOTE
r-patched-linux-x86_64 0.9 4.72 45.94 50.66 NOTE
r-patched-solaris-x86 0.9 81.60 OK
r-release-linux-x86_64 0.9 4.95 45.96 50.91 NOTE
r-release-macos-x86_64 0.9 OK
r-release-windows-ix86+x86_64 0.9 12.00 55.00 67.00 NOTE
r-oldrel-macos-x86_64 0.9 OK
r-oldrel-windows-ix86+x86_64 0.9 7.00 73.00 80.00 OK

Check Details

Version: 0.9
Check: package vignettes
Result: NOTE
    Package vignette with placeholder title 'Vignette Title':
     'rmtl.Rmd'
Flavors: r-devel-linux-x86_64-debian-clang, r-devel-linux-x86_64-debian-gcc, r-devel-windows-ix86+x86_64, r-patched-linux-x86_64, r-release-linux-x86_64, r-release-windows-ix86+x86_64