Last updated on 2020-08-19 01:50:14 CEST.
Flavor | Version | Tinstall | Tcheck | Ttotal | Status | Flags |
---|---|---|---|---|---|---|
r-devel-linux-x86_64-debian-clang | 0.10.20 | 6.97 | 33.48 | 40.45 | OK | |
r-devel-linux-x86_64-debian-gcc | 0.10.20 | 5.27 | 26.45 | 31.72 | OK | |
r-devel-linux-x86_64-fedora-clang | 0.10.20 | 58.51 | OK | |||
r-devel-linux-x86_64-fedora-gcc | 0.10.20 | 48.98 | OK | |||
r-devel-windows-ix86+x86_64 | 0.10.20 | 43.00 | 164.00 | 207.00 | NOTE | |
r-patched-linux-x86_64 | 0.10.20 | 6.34 | 32.84 | 39.18 | OK | |
r-patched-solaris-x86 | 0.10.20 | 71.20 | OK | |||
r-release-linux-x86_64 | 0.10.20 | 7.46 | 33.30 | 40.76 | OK | |
r-release-macos-x86_64 | 0.10.20 | OK | ||||
r-release-windows-ix86+x86_64 | 0.10.20 | 44.00 | 148.00 | 192.00 | NOTE | |
r-oldrel-macos-x86_64 | 0.10.20 | OK | ||||
r-oldrel-windows-ix86+x86_64 | 0.10.20 | 34.00 | 171.00 | 205.00 | NOTE |
Version: 0.10.20
Check: installed package size
Result: NOTE
installed size is 6.6Mb
sub-directories of 1Mb or more:
libs 6.2Mb
Flavors: r-devel-windows-ix86+x86_64, r-release-windows-ix86+x86_64, r-oldrel-windows-ix86+x86_64