CRAN Package Check Results for Package RWildbook

Last updated on 2020-08-19 01:50:15 CEST.

Flavor Version Tinstall Tcheck Ttotal Status Flags
r-devel-linux-x86_64-debian-clang 0.9.3 10.03 95.02 105.05 OK
r-devel-linux-x86_64-debian-gcc 0.9.3 8.05 71.16 79.21 OK
r-devel-linux-x86_64-fedora-clang 0.9.3 133.99 NOTE
r-devel-linux-x86_64-fedora-gcc 0.9.3 122.35 NOTE
r-devel-windows-ix86+x86_64 0.9.3 32.00 134.00 166.00 OK
r-patched-linux-x86_64 0.9.3 9.45 91.71 101.16 OK
r-patched-solaris-x86 0.9.3 189.00 NOTE
r-release-linux-x86_64 0.9.3 9.26 91.35 100.61 OK
r-release-macos-x86_64 0.9.3 NOTE
r-release-windows-ix86+x86_64 0.9.3 30.00 97.00 127.00 OK
r-oldrel-macos-x86_64 0.9.3 NOTE
r-oldrel-windows-ix86+x86_64 0.9.3 17.00 128.00 145.00 OK

Check Details

Version: 0.9.3
Check: data for non-ASCII characters
Result: NOTE
     Note: found 6 marked UTF-8 strings
Flavors: r-devel-linux-x86_64-fedora-clang, r-devel-linux-x86_64-fedora-gcc, r-patched-solaris-x86, r-release-macos-x86_64, r-oldrel-macos-x86_64