CRAN Package Check Results for Package RagGrid

Last updated on 2020-08-19 01:50:12 CEST.

Flavor Version Tinstall Tcheck Ttotal Status Flags
r-devel-linux-x86_64-debian-clang 0.2.0 2.72 21.63 24.35 OK
r-devel-linux-x86_64-debian-gcc 0.2.0 2.05 17.04 19.09 OK
r-devel-linux-x86_64-fedora-clang 0.2.0 37.07 NOTE
r-devel-linux-x86_64-fedora-gcc 0.2.0 27.69 NOTE
r-devel-windows-ix86+x86_64 0.2.0 9.00 34.00 43.00 OK
r-patched-linux-x86_64 0.2.0 2.62 21.02 23.64 OK
r-patched-solaris-x86 0.2.0 47.10 NOTE
r-release-linux-x86_64 0.2.0 2.68 21.23 23.91 OK
r-release-macos-x86_64 0.2.0 NOTE
r-release-windows-ix86+x86_64 0.2.0 10.00 34.00 44.00 OK
r-oldrel-macos-x86_64 0.2.0 NOTE
r-oldrel-windows-ix86+x86_64 0.2.0 5.00 50.00 55.00 OK

Check Details

Version: 0.2.0
Check: dependencies in R code
Result: NOTE
    Namespace in Imports field not imported from: ‘knitr’
     All declared Imports should be used.
Flavors: r-devel-linux-x86_64-fedora-clang, r-devel-linux-x86_64-fedora-gcc, r-patched-solaris-x86, r-release-macos-x86_64, r-oldrel-macos-x86_64