Last updated on 2020-08-19 01:50:13 CEST.
Flavor | Version | Tinstall | Tcheck | Ttotal | Status | Flags |
---|---|---|---|---|---|---|
r-devel-linux-x86_64-debian-clang | 0.2.10 | 26.85 | 50.85 | 77.70 | OK | |
r-devel-linux-x86_64-debian-gcc | 0.2.10 | 17.35 | 41.16 | 58.51 | OK | |
r-devel-linux-x86_64-fedora-clang | 0.2.10 | 107.94 | NOTE | |||
r-devel-linux-x86_64-fedora-gcc | 0.2.10 | 94.92 | NOTE | |||
r-devel-windows-ix86+x86_64 | 0.2.10 | 58.00 | 112.00 | 170.00 | OK | |
r-patched-linux-x86_64 | 0.2.10 | 17.53 | 50.25 | 67.78 | OK | |
r-patched-solaris-x86 | 0.2.10 | 97.00 | WARN | |||
r-release-linux-x86_64 | 0.2.10 | 18.84 | 50.75 | 69.59 | OK | |
r-release-macos-x86_64 | 0.2.10 | OK | ||||
r-release-windows-ix86+x86_64 | 0.2.10 | 59.00 | 118.00 | 177.00 | OK | |
r-oldrel-macos-x86_64 | 0.2.10 | OK | ||||
r-oldrel-windows-ix86+x86_64 | 0.2.10 | 46.00 | 139.00 | 185.00 | OK |
Version: 0.2.10
Check: top-level files
Result: NOTE
‘cleanup’: /bin/bash is not portable
Flavors: r-devel-linux-x86_64-fedora-clang, r-devel-linux-x86_64-fedora-gcc
Version: 0.2.10
Check: re-building of vignette outputs
Result: WARN
Error(s) in re-building vignettes:
...
--- re-building ‘RcppCNPy-intro.Rmd’ using rmarkdown
Warning in engine$weave(file, quiet = quiet, encoding = enc) :
Pandoc (>= 1.12.3) and/or pandoc-citeproc not available. Falling back to R Markdown v1.
Quitting from lines 95-104 (RcppCNPy-intro.Rmd)
Error: processing vignette 'RcppCNPy-intro.Rmd' failed with diagnostics:
ImportError: No module named 'numpy'
Detailed traceback:
File "<string>", line 1, in <module>
--- failed re-building ‘RcppCNPy-intro.Rmd’
--- re-building ‘UsingReticulate.Rmd’ using rmarkdown
Warning in engine$weave(file, quiet = quiet, encoding = enc) :
Pandoc (>= 1.12.3) and/or pandoc-citeproc not available. Falling back to R Markdown v1.
Quitting from lines 84-94 (UsingReticulate.Rmd)
Error: processing vignette 'UsingReticulate.Rmd' failed with diagnostics:
ImportError: No module named 'numpy'
--- failed re-building ‘UsingReticulate.Rmd’
SUMMARY: processing the following files failed:
‘RcppCNPy-intro.Rmd’ ‘UsingReticulate.Rmd’
Error: Vignette re-building failed.
Execution halted
Flavor: r-patched-solaris-x86