Last updated on 2020-08-19 01:50:13 CEST.
Flavor | Version | Tinstall | Tcheck | Ttotal | Status | Flags |
---|---|---|---|---|---|---|
r-devel-linux-x86_64-debian-clang | 1.2.2 | 98.28 | 27.10 | 125.38 | OK | |
r-devel-linux-x86_64-debian-gcc | 1.2.2 | 74.83 | 21.14 | 95.97 | OK | |
r-devel-linux-x86_64-fedora-clang | 1.2.2 | 182.73 | NOTE | |||
r-devel-linux-x86_64-fedora-gcc | 1.2.2 | 164.73 | OK | |||
r-devel-windows-ix86+x86_64 | 1.2.2 | 244.00 | 74.00 | 318.00 | OK | |
r-patched-linux-x86_64 | 1.2.2 | 78.60 | 26.73 | 105.33 | OK | |
r-patched-solaris-x86 | 1.2.2 | 157.40 | OK | |||
r-release-linux-x86_64 | 1.2.2 | 79.01 | 26.96 | 105.97 | OK | |
r-release-macos-x86_64 | 1.2.2 | NOTE | ||||
r-release-windows-ix86+x86_64 | 1.2.2 | 235.00 | 72.00 | 307.00 | OK | |
r-oldrel-macos-x86_64 | 1.2.2 | OK | ||||
r-oldrel-windows-ix86+x86_64 | 1.2.2 | 169.00 | 87.00 | 256.00 | OK |
Version: 1.2.2
Check: installed package size
Result: NOTE
installed size is 5.8Mb
sub-directories of 1Mb or more:
libs 5.7Mb
Flavors: r-devel-linux-x86_64-fedora-clang, r-release-macos-x86_64