CRAN Package Check Results for Package RcppNumerical

Last updated on 2020-08-19 01:50:13 CEST.

Flavor Version Tinstall Tcheck Ttotal Status Flags
r-devel-linux-x86_64-debian-clang 0.4-0 41.52 153.25 194.77 OK
r-devel-linux-x86_64-debian-gcc 0.4-0 31.90 118.92 150.82 OK
r-devel-linux-x86_64-fedora-clang 0.4-0 229.99 NOTE
r-devel-linux-x86_64-fedora-gcc 0.4-0 235.81 OK
r-devel-windows-ix86+x86_64 0.4-0 108.00 168.00 276.00 OK
r-patched-linux-x86_64 0.4-0 34.16 145.61 179.77 OK
r-patched-solaris-x86 0.4-0 192.80 OK
r-release-linux-x86_64 0.4-0 35.98 144.54 180.52 OK
r-release-macos-x86_64 0.4-0 NOTE
r-release-windows-ix86+x86_64 0.4-0 106.00 180.00 286.00 OK
r-oldrel-macos-x86_64 0.4-0 NOTE
r-oldrel-windows-ix86+x86_64 0.4-0 75.00 209.00 284.00 OK

Check Details

Version: 0.4-0
Check: installed package size
Result: NOTE
     installed size is 5.6Mb
     sub-directories of 1Mb or more:
     libs 5.1Mb
Flavors: r-devel-linux-x86_64-fedora-clang, r-release-macos-x86_64, r-oldrel-macos-x86_64