Last updated on 2020-08-19 01:50:13 CEST.
Flavor | Version | Tinstall | Tcheck | Ttotal | Status | Flags |
---|---|---|---|---|---|---|
r-devel-linux-x86_64-debian-clang | 5.0.2 | 39.68 | 75.12 | 114.80 | NOTE | |
r-devel-linux-x86_64-debian-gcc | 5.0.2 | 31.66 | 50.50 | 82.16 | NOTE | |
r-devel-linux-x86_64-fedora-clang | 5.0.2 | 167.06 | NOTE | |||
r-devel-linux-x86_64-fedora-gcc | 5.0.2 | 136.54 | NOTE | |||
r-devel-windows-ix86+x86_64 | 5.0.2 | 341.00 | 129.00 | 470.00 | NOTE | |
r-patched-linux-x86_64 | 5.0.2 | 57.54 | 59.37 | 116.91 | NOTE | |
r-patched-solaris-x86 | 5.0.2 | 200.80 | NOTE | |||
r-release-linux-x86_64 | 5.0.2 | 58.02 | 58.91 | 116.93 | NOTE | |
r-release-macos-x86_64 | 5.0.2 | NOTE | ||||
r-release-windows-ix86+x86_64 | 5.0.2 | 326.00 | 139.00 | 465.00 | NOTE | |
r-oldrel-macos-x86_64 | 5.0.2 | NOTE | ||||
r-oldrel-windows-ix86+x86_64 | 5.0.2 | 203.00 | 178.00 | 381.00 | NOTE |
Version: 5.0.2
Check: for GNU extensions in Makefiles
Result: NOTE
GNU make is a SystemRequirements.
Flavors: r-devel-linux-x86_64-debian-clang, r-devel-linux-x86_64-debian-gcc, r-devel-linux-x86_64-fedora-clang, r-devel-linux-x86_64-fedora-gcc, r-devel-windows-ix86+x86_64, r-patched-linux-x86_64, r-patched-solaris-x86, r-release-linux-x86_64, r-release-macos-x86_64, r-release-windows-ix86+x86_64, r-oldrel-macos-x86_64, r-oldrel-windows-ix86+x86_64
Version: 5.0.2
Check: installed package size
Result: NOTE
installed size is 5.8Mb
sub-directories of 1Mb or more:
include 2.4Mb
lib 3.1Mb
Flavors: r-devel-linux-x86_64-fedora-clang, r-devel-windows-ix86+x86_64, r-release-windows-ix86+x86_64, r-oldrel-windows-ix86+x86_64