Last updated on 2020-08-19 01:50:13 CEST.
Flavor | Version | Tinstall | Tcheck | Ttotal | Status | Flags |
---|---|---|---|---|---|---|
r-devel-linux-x86_64-debian-clang | 0.1.5 | 21.47 | 38.30 | 59.77 | OK | |
r-devel-linux-x86_64-debian-gcc | 0.1.5 | 18.63 | 30.16 | 48.79 | OK | |
r-devel-linux-x86_64-fedora-clang | 0.1.5 | 86.65 | NOTE | |||
r-devel-linux-x86_64-fedora-gcc | 0.1.5 | 75.22 | NOTE | |||
r-devel-windows-ix86+x86_64 | 0.1.5 | 71.00 | 87.00 | 158.00 | OK | |
r-patched-linux-x86_64 | 0.1.5 | 19.10 | 38.27 | 57.37 | OK | |
r-patched-solaris-x86 | 0.1.5 | 96.30 | OK | |||
r-release-linux-x86_64 | 0.1.5 | 17.57 | 37.59 | 55.16 | OK | |
r-release-macos-x86_64 | 0.1.5 | OK | ||||
r-release-windows-ix86+x86_64 | 0.1.5 | 69.00 | 88.00 | 157.00 | OK | |
r-oldrel-macos-x86_64 | 0.1.5 | OK | ||||
r-oldrel-windows-ix86+x86_64 | 0.1.5 | 48.00 | 107.00 | 155.00 | OK |
Version: 0.1.5
Check: top-level files
Result: NOTE
‘cleanup’: /bin/bash is not portable
Flavors: r-devel-linux-x86_64-fedora-clang, r-devel-linux-x86_64-fedora-gcc