CRAN Package Check Results for Package Require

Last updated on 2020-08-19 01:50:13 CEST.

Flavor Version Tinstall Tcheck Ttotal Status Flags
r-devel-linux-x86_64-debian-clang 0.0.6 4.19 56.87 61.06 OK
r-devel-linux-x86_64-debian-gcc 0.0.7 3.34 39.61 42.95 OK
r-devel-linux-x86_64-fedora-clang 0.0.7 77.62 OK
r-devel-linux-x86_64-fedora-gcc 0.0.7 541.28 OK
r-devel-windows-ix86+x86_64 0.0.6 16.00 85.00 101.00 OK
r-patched-linux-x86_64 0.0.6 4.11 54.56 58.67 OK
r-patched-solaris-x86 0.0.7 95.20 OK
r-release-linux-x86_64 0.0.6 4.07 54.57 58.64 OK
r-release-macos-x86_64 0.0.6 ERROR
r-release-windows-ix86+x86_64 0.0.6 14.00 79.00 93.00 OK
r-oldrel-macos-x86_64 0.0.6 ERROR
r-oldrel-windows-ix86+x86_64 0.0.6 8.00 61.00 69.00 OK

Check Details

Version: 0.0.6
Check: tests
Result: ERROR
     Running ‘test-all.R’ [120s/134s]
    Running the tests in ‘tests/test-all.R’ failed.
    Last 13 lines of output:
     Installing packages into '/Volumes/Builds/packages/high-sierra-x86_64/results/4.0/Require.Rcheck'
     (as 'lib' is unspecified)
     trying URL 'https://cloud.r-project.org/src/contrib/Require_0.0.6.tgz'
     Installing packages into '/Volumes/Builds/packages/high-sierra-x86_64/results/4.0/Require.Rcheck'
     (as 'lib' is unspecified)
     trying URL 'https://cloud.r-project.org/src/contrib/Require_0.0.6.tgz'
     The following packages could not be installed because could not find a correct version
     packageFullName installed correctVersion AvailableVersion
     1: A3 (<=0.0.1) TRUE FALSE 1.0.0
     The following packages could not be installed because could not find a correct version
     packageFullName installed correctVersion AvailableVersion
     1: A3 (<=0.0.1) TRUE FALSE 1.0.0
     Error from testit::assert(length(test) == 0)
     Error: length(test) == 0 is not TRUE
     Execution halted
Flavor: r-release-macos-x86_64

Version: 0.0.6
Check: tests
Result: ERROR
     Running ‘test-all.R’ [308s/313s]
    Running the tests in ‘tests/test-all.R’ failed.
    Last 13 lines of output:
     Installing package into '/Volumes/SSD-Data/Builds/R-dev-web/QA/Simon/packages/el-capitan-x86_64/results/3.6/Require.Rcheck'
     (as 'lib' is unspecified)
     trying URL 'https://cloud.r-project.org/src/contrib/Require_0.0.6.tgz'
     Installing package into '/Volumes/SSD-Data/Builds/R-dev-web/QA/Simon/packages/el-capitan-x86_64/results/3.6/Require.Rcheck'
     (as 'lib' is unspecified)
     trying URL 'https://cloud.r-project.org/src/contrib/Require_0.0.6.tgz'
     The following packages could not be installed because could not find a correct version
     packageFullName installed correctVersion AvailableVersion
     1: A3 (<=0.0.1) TRUE FALSE 1.0.0
     The following packages could not be installed because could not find a correct version
     packageFullName installed correctVersion AvailableVersion
     1: A3 (<=0.0.1) TRUE FALSE 1.0.0
     Error from testit::assert(length(test) == 0) at test-pkgDep.R#55
     Error: length(test) == 0 is not TRUE
     Execution halted
Flavor: r-oldrel-macos-x86_64