Last updated on 2020-08-19 01:50:13 CEST.
Flavor | Version | Tinstall | Tcheck | Ttotal | Status | Flags |
---|---|---|---|---|---|---|
r-devel-linux-x86_64-debian-clang | 1.9.9 | 1300.56 | 105.11 | 1405.67 | OK | |
r-devel-linux-x86_64-debian-gcc | 1.9.9 | 995.59 | 80.09 | 1075.68 | OK | |
r-devel-linux-x86_64-fedora-clang | 1.9.9 | 2022.91 | NOTE | |||
r-devel-linux-x86_64-fedora-gcc | 1.9.9 | 1865.58 | OK | |||
r-devel-windows-ix86+x86_64 | 1.9.9 | 3106.00 | 192.00 | 3298.00 | NOTE | |
r-patched-linux-x86_64 | 1.9.9 | 1049.47 | 105.52 | 1154.99 | OK | |
r-patched-solaris-x86 | 1.9.9 | 1493.20 | NOTE | |||
r-release-linux-x86_64 | 1.9.9 | 1028.48 | 104.85 | 1133.33 | OK | |
r-release-macos-x86_64 | 1.9.9 | NOTE | ||||
r-release-windows-ix86+x86_64 | 1.9.9 | 3079.00 | 186.00 | 3265.00 | NOTE | |
r-oldrel-macos-x86_64 | 1.9.9 | NOTE | ||||
r-oldrel-windows-ix86+x86_64 | 1.9.9 | 2293.00 | 232.00 | 2525.00 | NOTE |
Version: 1.9.9
Check: installed package size
Result: NOTE
installed size is 65.8Mb
sub-directories of 1Mb or more:
libs 64.5Mb
Flavors: r-devel-linux-x86_64-fedora-clang, r-devel-windows-ix86+x86_64, r-patched-solaris-x86, r-release-macos-x86_64, r-release-windows-ix86+x86_64, r-oldrel-macos-x86_64, r-oldrel-windows-ix86+x86_64