Last updated on 2020-08-19 01:50:13 CEST.
Flavor | Version | Tinstall | Tcheck | Ttotal | Status | Flags |
---|---|---|---|---|---|---|
r-devel-linux-x86_64-debian-clang | 0.0.5 | 408.60 | 49.91 | 458.51 | OK | |
r-devel-linux-x86_64-debian-gcc | 0.0.5 | 299.40 | 38.29 | 337.69 | OK | |
r-devel-linux-x86_64-fedora-clang | 0.0.5 | 655.88 | NOTE | |||
r-devel-linux-x86_64-fedora-gcc | 0.0.5 | 581.20 | OK | |||
r-devel-windows-ix86+x86_64 | 0.0.5 | 913.00 | 91.00 | 1004.00 | NOTE | |
r-patched-linux-x86_64 | 0.0.5 | 317.40 | 49.06 | 366.46 | OK | |
r-patched-solaris-x86 | 0.0.5 | 448.90 | OK | |||
r-release-linux-x86_64 | 0.0.5 | 314.87 | 49.26 | 364.13 | OK | |
r-release-macos-x86_64 | 0.0.5 | NOTE | ||||
r-release-windows-ix86+x86_64 | 0.0.5 | 913.00 | 92.00 | 1005.00 | NOTE | |
r-oldrel-macos-x86_64 | 0.0.5 | NOTE | ||||
r-oldrel-windows-ix86+x86_64 | 0.0.5 | 667.00 | 104.00 | 771.00 | OK |
Version: 0.0.5
Check: installed package size
Result: NOTE
installed size is 25.5Mb
sub-directories of 1Mb or more:
libs 25.1Mb
Flavors: r-devel-linux-x86_64-fedora-clang, r-devel-windows-ix86+x86_64, r-release-macos-x86_64, r-release-windows-ix86+x86_64, r-oldrel-macos-x86_64